6
What is the remainder when 183711 is divided by 36695?
236
Calculate the remainder when 22388123 is divided by 565.
563
Calculate the remainder when 4328 is divided by 512.
232
What is the remainder when 34272 is divided by 532?
224
Calculate the remainder when 164449187 is divided by 82224593.
1
Calculate the remainder when 8626971 is divided by 1232354.
493
What is the remainder when 470073 is divided by 17?
6
Calculate the remainder when 10066 is divided by 55.
1
What is the remainder when 114487 is divided by 10608?
8407
What is the remainder when 696120 is divided by 2217?
2199
Calculate the remainder when 6841542 is divided by 730.
712
Calculate the remainder when 25642676 is divided by 64.
52
Calculate the remainder when 749632 is divided by 61998.
5656
Calculate the remainder when 1557923 is divided by 1455.
1073
What is the remainder when 3786541 is divided by 1810?
21
What is the remainder when 3110156 is divided by 4852?
24
Calculate the remainder when 220832 is divided by 557.
260
What is the remainder when 17285827 is divided by 326?
3
Calculate the remainder when 2229727 is divided by 2763.
2749
Calculate the remainder when 1544366 is divided by 21155.
51
What is the remainder when 60736 is divided by 6024?
496
What is the remainder when 10275054 is divided by 457?
323
What is the remainder when 670083 is divided by 133874?
713
Calculate the remainder when 3020233 is divided by 86261.
1098
What is the remainder when 397518 is divided by 190?
38
Calculate the remainder when 867618465 is divided by 143.
142
What is the remainder when 2698881 is divided by 4653?
141
What is the remainder when 4204458 is divided by 6727?
83
What is the remainder when 214276 is divided by 111?
46
What is the remainder when 152015597 is divided by 51?
50
What is the remainder when 8562 is divided by 1230?
1182
Calculate the remainder when 2901035 is divided by 152681.
96
What is the remainder when 43550 is divided by 434?
150
What is the remainder when 92560 is divided by 29863?
2971
Calculate the remainder when 211545 is divided by 52863.
93
Calculate the remainder when 136190 is divided by 5602.
1742
What is the remainder when 133630 is divided by 44343?
601
Calculate the remainder when 7785913 is divided by 26039.
252
Calculate the remainder when 223966 is divided by 74520.
406
Calculate the remainder when 3313762 is divided by 4163.
14
What is the remainder when 4063811 is divided by 14013?
41
Calculate the remainder when 119138621 is divided by 773.
769
Calculate the remainder when 2828847 is divided by 459.
30
What is the remainder when 127240 is divided by 8389?
1405
What is the remainder when 275817 is divided by 163?
21
What is the remainder when 14721288 is divided by 135057?
75
What is the remainder when 6300 is divided by 3107?
86
Calculate the remainder when 7345 is divided by 1556.
1121
What is the remainder when 540896 is divided by 506?
488
Calculate the remainder when 571179 is divided by 1578.
1521
What is the remainder when 11335185 is divided by 1619308?
29
What is the remainder when 3066873 is divided by 40353?
45
Calculate the remainder when 301295 is divided by 301212.
83
Calculate the remainder when 54305 is divided by 3866.
181
What is the remainder when 1540002 is divided by 1026?
1002
Calculate the remainder when 19803634 is divided by 19.
10
Calculate the remainder when 19682 is divided by 8277.
3128
What is the remainder when 1015741 is divided by 1878?
1621
What is the remainder when 35492 is divided by 792?
644
What is the remainder when 35092271 is divided by 1085?
116
Calculate the remainder when 858955 is divided by 227.
214
Calculate the remainder when 48607 is divided by 300.
7
Calculate the remainder when 1458308 is divided by 2364.
2084
What is the remainder when 21794694 is divided by 17?
14
What is the remainder when 42345131 is divided by 8619?
8603
Calculate the remainder when 5897880 is divided by 536170.
10
What is the remainder when 13236635 is divided by 1401?
1388
Calculate the remainder when 243734 is divided by 34675.
1009
Calculate the remainder when 455211 is divided by 91038.
21
What is the remainder when 10172796 is divided by 17973?
78
Calculate the remainder when 1019871 is divided by 140.
111
What is the remainder when 6184 is divided by 590?
284
Calculate the remainder when 829806 is divided by 11.
10
What is the remainder when 435050 is divided by 30466?
8526
What is the remainder when 393514991 is divided by 2418?
2417
Calculate the remainder when 1336659 is divided by 334155.
39
What is the remainder when 91672654 is divided by 9708?
10
What is the remainder when 384660946 is divided by 11?
10
Calculate the remainder when 461928 is divided by 51322.
30
Calculate the remainder when 13412565 is divided by 3353140.
5
What is the remainder when 1073979 is divided by 670?
639
What is the remainder when 644270 is divided by 2040?
1670
What is the remainder when 320861 is divided by 1154?
49
Calculate the remainder when 3049488 is divided by 238.
232
What is the remainder when 6531948 is divided by 59?
58
What is the remainder when 229553 is divided by 27935?
6073
Calculate the remainder when 1415802 is divided by 72.
66
What is the remainder when 719219 is divided by 143697?
734
Calculate the remainder when 784502 is divided by 3769.
550
What is the remainder when 778111 is divided by 230?
21
What is the remainder when 94076 is divided by 177?
89
What is the remainder when 1492547 is divided by 11222?
21
Calculate the remainder when 468565 is divided by 60.
25
What is the remainder when 612647 is divided by 1033?
78
Calculate the remainder when 499930 is divided by 204.
130
What is the remainder when 359854 is divided by 3228?
1546
What is the remainder when 13331042 is divided by 2022?
2018
Calculate the remainder when 27219749 is divided by 9073247.
8
What is the remainder when 9937371 is divided by 3312426?
93
Calculate the remainder when 1507958 is divided by 1231.
1214
What is the remainder when 6829764 is divided by 139?
138
What is the remainder when 14254226 is divided by 34?
32
What is the remainder when 18607 is divided by 18574?
33
What is the remainder when 167362 is divided by 1860?
1822
What is the remainder when 8879 is divided by 2459?
1502
What is the remainder when 63807126 is divided by 621?
618
What is the remainder when 73966 is divided by 3310?
1146
What is the remainder when 3361909 is divided by 1949?
1833
What is the remainder when 22174 is divided by 2360?
934
Calculate the remainder when 11288979 is divided by 416.
403
Calculate the remainder when 39591237 is divided by 187.
158
What is the remainder when 51789203 is divided by 137?
52
What is the remainder when 148749 is divided by 3698?
829
What is the remainder when 127512 is divided by 40999?
4515
What is the remainder when 472314 is divided by 1338?
0
What is the remainder when 2392449 is divided by 1195930?
589
Calculate the remainder when 638366 is divided by 22797.
50
Calculate the remainder when 1116386 is divided by 11629.
2
Calculate the remainder when 69006372 is divided by 40.
12
Calculate the remainder when 404490 is divided by 12640.
10
Calculate the remainder when 733108 is divided by 129.
1
What is the remainder when 306285 is divided by 10559?
74
Calculate the remainder when 39049 is divided by 319.
131
Calculate the remainder when 110950077 is divided by 1246.
7
What is the remainder when 2821108 is divided by 425?
383
Calculate the remainder when 1369205 is divided by 228148.
317
What is the remainder when 308670 is divided by 2325?
1770
What is the remainder when 8849654 is divided by 668?
658
Calculate the remainder when 157291 is divided by 1084.
111
Calculate the remainder when 269406 is divided by 2389.
1838
Calculate the remainder when 150598432 is divided by 33.
28
Calculate the remainder when 14819631 is divided by 3704899.
35
What is the remainder when 13486133 is divided by 125?
8
Calculate the remainder when 372994775 is divided by 14.
13
Calculate the remainder when 139951 is divided by 7774.
19
What is the remainder when 12860 is divided by 4170?
350
What is the remainder when 1280187 is divided by 66?
51
What is the remainder when 10046000 is divided by 209?
206
What is the remainde